)/35. Calculate the remainder when j/(-8)*(-22 + -6) is divided by 18.
17
Let i(x) = -16*x - 5*x + 6*x. Let h be i(-5). Suppose -4*c + 85 = 5*y, c + c - h = -5*y. What is the remainder when 25 is divided by y?
12
Suppose -2*o + 26 = -0*o. Let g(d) = -d**3 - 8*d**2 - 10*d + 15. What is the remainder when g(-7) is divided by o?
10
Suppose h = -3*h + 12. Let b(z) = -z**2 + 32. Calculate the remainder when b(0) is divided by (-2)/(-4*h/102).
15
Let r = -268 + 321. Suppose 5*z + 5*g + 0*g = 60, -12 = -z - 4*g. Let y = 26 - z. Calculate the remainder when r is divided by y.
11
Let t = -114 + 171. What is the remainder when t is divided by 10?
7
Let n = 29 + -18. Let z(s) = s**3 + 10*s**2 + 3*s - 4. Let f be z(-8). Suppose f = k + 4*k. Calculate the remainder when k is divided by n.
9
Let s(r) = r**3 + r - 1. Let y be s(0). What is the remainder when 2*(2 + -3)*y is divided by 1?
0
Let y = 167 + -118. Let o(w) = -2*w**3 + 4*w**2 + 3*w. What is the remainder when y is divided by o(-2)?
23
Suppose 2*k - 30 = -3*q, -2*k = 2*q + 3*k - 20. Let d = q - 7. What is the remainder when 30 is divided by (-34)/(-3) + (-1)/d?
8
Let b(i) = -i**3 + 6*i**2 - 3*i + 3. Let x(c) = c**3 + 3*c**2 - 2*c. Let u be x(-3). What is the remainder when 7 - u - 23*-1 is divided by b(5)?
11
Let a be (-2)/(-3) + 35/15. Suppose -2*b = -m + 1, -a*b + m = -5*b + 9. What is the remainder when 3 is divided by b?
1
Calculate the remainder when (66/55)/(3/70) is divided by 6.
4
Let m(d) = 6*d**3 - d**2. Let h = 2 - 1. Let c(s) = -s**2 + 15*s - 23. Calculate the remainder when c(12) is divided by m(h).
3
Let d(r) = r**3 + 3*r**2 - 3*r + 3. Calculate the remainder when 33 is divided by d(2).
16
Let c(x) = -x + 40. What is the remainder when 52 is divided by c(12)?
24
Let w(d) = -6 - 3*d**3 + 2*d**3 - 8*d - 8*d**2 - 2*d. Let l(y) = -3*y + 14. Calculate the remainder when l(-5) is divided by w(-7).
14
Let i(o) = 7*o + 60. What is the remainder when i(-7) is divided by 11?
0
Let v(m) = -m**2 - 5*m + 6. Let t be (-147)/28 + (-2)/(-8). Let c(o) = -17*o**3. Calculate the remainder when c(-1) is divided by v(t).
5
Let b(q) = 25*q**3 - 2*q**2 + 1. Let g be b(-1). Let t = -3 + -7. Let p = t - g. What is the remainder when 30 is divided by p?
14
Let v = -50 + 111. Calculate the remainder when 241 is divided by v.
58
Let p(g) = -g**3 + 5*g**2 + 8*g + 5. What is the remainder when p(6) is divided by (-380)/(-57) + (-2)/3?
5
Let z(o) = 4*o - 2. Let q(v) = v**3 + 5*v**2 - 3*v. Let w be q(-5). Suppose -1 = -2*p + w. What is the remainder when z(6) is divided by p?
6
Let n = 1 - -4. Suppose 11 = -3*i + 4*i + y, -35 = -4*i - y. What is the remainder when i is divided by n?
3
Let d = -2 - -4. Let q = d - 2. What is the remainder when 17 is divided by ((-1 - -10) + q)/1?
8
Let n(l) = 12*l**2 - 5*l. What is the remainder when n(3) is divided by 24?
21
Let z(r) = -2 - 3*r + 0*r + 2*r + 4*r. What is the remainder when 2 is divided by z(1)?
0
Let a(r) = 7*r**2 - 5*r - 7. Let d be a(-3). Suppose -d - 48 = -5*f - 2*c, -3*f + 4*c + 61 = 0. Calculate the remainder when 67 is divided by f.
21
Let o be ((-2)/(-6))/(1/15). Suppose s - 2 = 2*s - 3*n, o*n - 26 = -4*s. Calculate the remainder when 7 is divided by s.
3
Let h(u) = -7*u**3 + u**2 + u + 1. Let f = -11 + 10. What is the remainder when h(f) is divided by 5?
3
Suppose 4*r - 3 = 9. Calculate the remainder when (-1)/r - 56/(-6) is divided by 3.
0
Suppose 5*v = 20, 3*y + 17 = -3*v + 44. Suppose 5*k + 3*c = 7*c + 84, -4*c + 116 = y*k. What is the remainder when 1175/20 + (-2)/(-8) is divided by k?
19
Let q(m) = -m**3 + m + 29. Let r(v) = -3*v**3 - 5*v**2 + 4*v - 8. What is the remainder when q(0) is divided by r(-3)?
13
Suppose 0 = -3*y + 3, -4*h - 4*y + 100 = -0*h. Calculate the remainder when 66 is divided by h.
18
Suppose -6 = 4*b + 5*f, 2*b + 3*f - 5*f = 6. Calculate the remainder when (-33 - b)*(-13)/26 is divided by 9.
8
Let l = 274 + -167. Calculate the remainder when l is divided by 18.
17
Let h(x) = 2*x**2 + 3*x + 1. Let d(j) = 18*j**3. What is the remainder when d(1) is divided by h(-3)?
8
Let v = -55 - -74. What is the remainder when v is divided by 11?
8
What is the remainder when 1/((-5)/20*-1) is divided by 4?
0
Suppose -10*j + 104 = -2*j. Suppose -1 - 1 = i. What is the remainder when j is divided by 3 + (-1)/2*i?
1
Let x = -66 - -10. Let a = x - -87. What is the remainder when a is divided by 11?
9
Suppose -2*x + 5*k = -x - 29, 0 = -3*x - 5*k + 67. Calculate the remainder when 118 is divided by x.
22
Suppose -4*v + 65 = v. Let g(p) = -13*p - 3. Calculate the remainder when g(-4) is divided by v.
10
Let z = -24 - 45. Let c = -40 - z. Suppose 13 = 3*v - 32. What is the remainder when c is divided by v?
14
Let l(g) = -g**2 + 2*g + 2. Let f be l(2). Suppose 0*t - t = -f. Calculate the remainder when 4 is divided by t.
0
Let w be (2/(-4))/(2/(-4)). Let o = 0 + w. Let j = 9 - 8. What is the remainder when j is divided by o?
0
Suppose 0 = 4*j - 2*j - 18. What is the remainder when j is divided by 4?
1
Let g(r) = -r**3 - 13*r**2 + 12*r - 5. Calculate the remainder when g(-14) is divided by 6.
5
Calculate the remainder when 18 - (-1 + 1)/((-20)/(-10)) is divided by 7.
4
Let f be (-3 + 2)/((-1)/(-46)). Let q = -28 - f. Calculate the remainder when 35 is divided by q.
17
Let k = 43 + -19. Calculate the remainder when 117 is divided by k.
21
Let r be (-5)/(1 + -2) + 1. Let t = 13 - r. Calculate the remainder when 24 is divided by t.
3
Calculate the remainder when (-5)/(-2) - ((-99)/(-18) + -6) is divided by 2.
1
Suppose -5*b + 17 = -63. Let y be (-390)/(-24) + (-3)/(-4). Suppose -y = 2*w - 79. Calculate the remainder when w is divided by b.
15
Suppose -5*f - 5*d + 130 = -7*d, -5*f + 150 = 2*d. Calculate the remainder when 164 is divided by f.
24
Suppose 0 = 4*s + 6*i - i - 72, -2*i - 31 = -s. Calculate the remainder when s is divided by 6.
5
Let w(m) = 16*m**2 + m + 1. Let r be w(-2). Let f = 607 - r. What is the remainder when (-2)/(-14) + f/14 is divided by 20?
19
Let x(z) = z**2 + 11*z + 24. Calculate the remainder when 68 is divided by x(-10).
12
Let v = -6 + 8. Calculate the remainder when v - 19/(-2)*2 is divided by 11.
10
Suppose -3*w + 9 = -6. Calculate the remainder when w is divided by 2.
1
Let f = 4 - 4. Let v = f + 2. What is the remainder when (v/3)/((-1)/(-39)) is divided by 9?
8
Calculate the remainder when 48*(-2)/(-12)*3 is divided by 9.
6
Let i(h) = 2*h - 10. Calculate the remainder when 26/8*2*4 is divided by i(12).
12
Suppose -4*g = -4 - 12. Let j = 3 + g. Calculate the remainder when j is divided by 3.
1
Let c(u) be the third derivative of u**5/60 - u**4/12 - 7*u**3/6 - 4*u**2. Calculate the remainder when 67 is divided by c(6).
16
Let m = 90 - 75. Calculate the remainder when 59 is divided by m.
14
Let j(l) = -4*l + 2 + 0*l**2 + 3*l**2 + 2*l**2. What is the remainder when j(2) is divided by ((-10)/8)/((-2)/8)?
4
Let z(u) = 4 - 1 + u + 0. Let k = 6 - -10. Calculate the remainder when k is divided by z(6).
7
Suppose -h + 40 = o + 6, h - 4*o = 34. Calculate the remainder when h is divided by 12.
10
Suppose 20 - 80 = -5*i. Suppose -2*q = -0*q - i. What is the remainder when 10 is divided by q?
4
Suppose -68 = -c - 3*c. What is the remainder when 65 is divided by c?
14
Let b = 4 - -8. Let t = -3 + b. What is the remainder when 16 is divided by t?
7
Let j be 4/10 - (-16)/10. Suppose 0 = -c + 6*c, x - j*c = 50. Suppose 120 = 4*k + 16. Calculate the remainder when x is divided by k.
24
Let f = -16 - -41. Calculate the remainder when 48 is divided by f.
23
Let m(c) = 9*c**2 + 2*c - 7. Calculate the remainder when m(-3) is divided by 18.
14
Suppose 3*n + 44 = 5*n. Let s = n + 2. What is the remainder when 95 is divided by s?
23
Let n(q) = 29*q**2 - 2*q. Let r be (0 - -1)/(1/4). Let l be n(r). Calculate the remainder when (2/3)/(16/l) is divided by 5.
4
Let r = 3 - -1. Suppose -3*k = -3*l - k + 20, -4*k - r = 0. Suppose c - l = -0*c. What is the remainder when c is divided by 4?
2
Let g = -5 + 9. Suppose 0*z - 30 = f - g*z, 2*z - 96 = 5*f. What is the remainder when f/8*(-6 + -2) is divided by 10?
8
Suppose -i - 10 = -2*i. Calculate the remainder when 17 is divided by i.
7
Calculate the remainder when (69 - 16/(-4)) + -2 is divided by 12.
11
Supp